t common factor of 840 and 72860?
20
Calculate the greatest common factor of 624941 and 2061.
229
Calculate the greatest common factor of 38 and 179189.
19
Calculate the greatest common divisor of 330128 and 658.
94
What is the greatest common divisor of 261279 and 27?
27
Calculate the highest common divisor of 2463 and 472075.
821
Calculate the highest common factor of 27168 and 142349.
283
What is the greatest common factor of 19745 and 22?
11
What is the highest common divisor of 36 and 199344?
12
What is the highest common divisor of 14440 and 640?
40
What is the highest common divisor of 66760 and 220?
20
Calculate the greatest common factor of 37521 and 216.
9
What is the greatest common divisor of 544 and 1241?
17
What is the highest common factor of 1440 and 26920?
40
What is the greatest common factor of 46677 and 9?
3
What is the highest common factor of 2171 and 233299?
167
Calculate the highest common factor of 233 and 8621.
233
Calculate the highest common factor of 216296 and 19.
19
What is the highest common factor of 207 and 2799?
9
What is the highest common factor of 27305 and 860?
215
Calculate the greatest common factor of 44932 and 1195.
239
What is the greatest common factor of 26 and 31746?
26
Calculate the greatest common divisor of 1044 and 13626.
18
Calculate the greatest common divisor of 2772648 and 108.
36
Calculate the greatest common factor of 9113 and 95336.
701
Calculate the greatest common factor of 33118 and 58.
58
Calculate the greatest common factor of 485348 and 2144.
268
What is the highest common divisor of 77736 and 312?
24
What is the highest common divisor of 373201 and 493?
493
What is the highest common factor of 2 and 914990?
2
What is the greatest common divisor of 456 and 23692?
4
Calculate the highest common factor of 8413 and 188.
47
Calculate the greatest common divisor of 14325 and 12.
3
What is the highest common divisor of 7616 and 185472?
448
Calculate the highest common factor of 1870557 and 39.
39
Calculate the highest common divisor of 838320 and 315.
105
What is the highest common factor of 1300 and 3445?
65
Calculate the highest common factor of 14 and 862246.
14
What is the greatest common divisor of 117 and 74349?
9
What is the greatest common divisor of 6433 and 497?
7
Calculate the greatest common factor of 13175 and 19975.
425
Calculate the highest common divisor of 198 and 206118.
198
What is the greatest common divisor of 321 and 255944?
107
What is the highest common divisor of 550 and 268675?
275
What is the highest common divisor of 24 and 3776?
8
Calculate the highest common divisor of 96 and 1057952.
32
What is the greatest common divisor of 456 and 36?
12
Calculate the highest common divisor of 73188 and 12.
12
Calculate the highest common factor of 1357 and 4094.
23
Calculate the highest common divisor of 301 and 10707.
43
Calculate the highest common divisor of 77271 and 903.
129
What is the greatest common factor of 49973 and 6608?
413
Calculate the greatest common divisor of 1564 and 557704.
92
Calculate the greatest common divisor of 2114 and 57778.
14
Calculate the greatest common factor of 16744 and 62244.
364
What is the greatest common divisor of 244062 and 312?
78
What is the greatest common factor of 2914 and 32953?
31
Calculate the greatest common factor of 1760 and 3784.
88
What is the highest common divisor of 465 and 6075?
15
Calculate the greatest common divisor of 150020 and 520.
260
Calculate the greatest common divisor of 95 and 136705.
95
Calculate the greatest common divisor of 240706 and 427.
61
Calculate the greatest common factor of 112476 and 140.
28
Calculate the highest common factor of 5709 and 9339.
33
Calculate the highest common divisor of 25190 and 990.
110
Calculate the highest common factor of 885 and 34080.
15
What is the greatest common factor of 62 and 347231?
31
What is the greatest common factor of 57655 and 65?
65
Calculate the highest common divisor of 22 and 1566.
2
What is the greatest common divisor of 1008 and 1904?
112
Calculate the greatest common divisor of 89 and 75917.
89
Calculate the highest common divisor of 441 and 2073729.
147
What is the greatest common factor of 521 and 15374710?
521
What is the highest common divisor of 15433 and 2783?
253
What is the greatest common divisor of 43 and 462035?
43
Calculate the greatest common divisor of 5758 and 32.
2
What is the greatest common factor of 56 and 38374?
14
What is the highest common factor of 141 and 3824437?
47
What is the highest common factor of 205653 and 7203?
147
What is the greatest common divisor of 1026 and 9918?
342
Calculate the highest common divisor of 368 and 560464.
368
What is the greatest common divisor of 2825 and 4625?
25
Calculate the greatest common divisor of 682 and 28086.
62
Calculate the greatest common divisor of 95945 and 1857.
619
Calculate the greatest common factor of 263601 and 351.
351
Calculate the highest common divisor of 1340670 and 45.
15
What is the highest common factor of 1730677 and 67?
67
Calculate the greatest common factor of 71114 and 148.
74
Calculate the greatest common divisor of 92032 and 16.
16
Calculate the greatest common divisor of 81 and 1907469.
81
Calculate the greatest common factor of 200 and 11540.
20
What is the greatest common factor of 749 and 21?
7
Calculate the greatest common factor of 11944 and 1528.
8
What is the greatest common factor of 206604 and 576?
36
Calculate the highest common divisor of 1185 and 88085.
395
Calculate the greatest common divisor of 36 and 96240.
12
Calculate the greatest common divisor of 10792 and 64.
8
Calculate the greatest common divisor of 44 and 16148.
44
Calculate the greatest common factor of 45421 and 901.
53
What is the highest common divisor of 2374620 and 1710?
570
What is the greatest common divisor of 11767 and 49?
7
What is the greatest common divisor of 83 and 709?
1
Calculate the highest common divisor of 348 and 18995.
29
Calculate the greatest common divisor of 15624 and 137361.
651
Calculate the greatest common factor of 2 and 1226.
2
What is the greatest common divisor of 78804 and 154?
22
Calculate the greatest common factor of 92960 and 332.
332
What is the greatest common factor of 3753 and 189?
27
What is the greatest common divisor of 125 and 5380?
5
What is the greatest common divisor of 210380 and 5?
5
Calculate the greatest common factor of 30335 and 5.
5
What is the greatest common divisor of 89 and 11180269?
89
What is the highest common factor of 784 and 395528?
392
Calculate the highest common factor of 45040 and 4432.
16
What is the highest common factor of 114297 and 744?
93
What is the greatest common factor of 73 and 113?
1
Calculate the highest common factor of 55 and 83754.
11
Calculate the highest common factor of 36 and 67995.
9
Calculate the highest common factor of 1040 and 219232.
208
What is the highest common divisor of 87 and 5990298?
87
What is the highest common factor of 12616 and 7802?
166
What is the greatest common divisor of 21988 and 460?
92
Calculate the greatest common divisor of 161 and 32407.
23
What is the highest common factor of 2710 and 305?
5
What is the highest common divisor of 1938 and 1524?
6
Calculate the greatest common factor of 110985 and 1208.
151
What is the highest common divisor of 22893 and 403?
13
Calculate the highest common factor of 6912 and 2241.
27
What is the greatest common factor of 1344070 and 11830?
910
What is the highest common factor of 8107 and 6?
1
What is the greatest common divisor of 1247 and 1892?
43
What is the highest common factor of 401520 and 717?
717
What is the highest common factor of 5491 and 1159?
19
Calculate the highest common divisor of 1595789 and 39.
13
What is the highest common divisor of 49661 and 212?
53
Calculate the greatest common factor of 27 and 29133.
27
Calculate the highest common divisor of 104 and 2445833.
13
What is the greatest common divisor of 273018 and 12?
6
Calculate the greatest common divisor of 7474 and 4242.
202
Calculate the highest common divisor of 1454735 and 15.
5
Calculate the greatest common factor of 3201 and 7359.
33
Calculate the highest common factor of 84 and 686.
14
Calculate the greatest common divisor of 553 and 9057587.
5